{"id":60,"date":"2019-07-18T20:04:06","date_gmt":"2019-07-18T20:04:06","guid":{"rendered":"http:\/\/smagrimet.org\/2020\/?page_id=60"},"modified":"2020-09-04T09:09:43","modified_gmt":"2020-09-04T08:09:43","slug":"committees","status":"publish","type":"page","link":"https:\/\/smagrimet.org\/2020\/committees\/","title":{"rendered":"Committees"},"content":{"rendered":"<p><strong>Chairing\u00a0 Committee<\/strong><\/p>\n<p><em>General Chair: Roman Malari\u0107<br \/>\nGeneral Co-Chair: Goran Petrovi\u0107<\/em><\/p>\n<p><em>Program Chair: Martin Dadi\u0107<br \/>\nProgram Co-Chair: Marko Jur\u010devi\u0107<br \/>\n<\/em><br \/>\n<em>Registration Chair: Marko Jur\u010devi\u0107<\/em><br \/>\n<em>Colloquium Secretary: Branimir Iv\u0161i\u0107<\/em><\/p>\n<p><strong>International Program Committee<br \/>\n<\/strong><\/p>\n<p>Francisco Arcega, University of Zaragoza, Spain<br \/>\nIsabelle Blanc, LNE, Laboratoire national de m\u00e9trologie et d&#8217;essais, France<br \/>\nTomislav Capuder, University of Zagreb, Croatia<br \/>\nMartin Dadi\u0107, University of Zagreb, Croatia<br \/>\nMarin Despalatovi\u0107, University of Split, Croatia<br \/>\nMaria Evelina Mognaschi, University of Pavia, Italy<br \/>\nBo\u017eidar Filipovi\u0107-Gr\u010di\u0107, <span class=\"st\">CIGRE Croatian national committee, Croatia<\/span><br \/>\nDenisa Galzina,\u00a0Croatian Transmission System Operator Ltd., Croatia<br \/>\nTonko Garma, University of Split, Croatia<br \/>\nDaniela Istrate, LNE, Laboratoire national de m\u00e9trologie et d&#8217;essais, France<br \/>\nIgor Ivankovi\u0107, Croatian Transmission System Operator Ltd., Croatia<br \/>\nBranimir Iv\u0161i\u0107, Ericsson Nikola Tesla Zagreb, Croatia<br \/>\nMarko Jur\u010devi\u0107, University of Zagreb, Croatia<br \/>\nMarian Kampik,\u00a0Politechnika Slaska, Poland<br \/>\nHrvoje Keko, KON\u010cAR &#8211; Power Plant and Electric Traction Engineering Inc., Croatia<br \/>\nTomislav Kili\u0107, University of Split, Croatia<br \/>\nIvan Krajnovi\u0107,\u00a0KON\u010cAR &#8211; Power Plant and Electric Traction Engineering Inc., Croatia<br \/>\nRoman Malari\u0107, University of Zagreb, Croatia<br \/>\nKruno Mili\u010devi\u0107, University of Osijek, Croatia<br \/>\nPetar Mostarac, University of Zagreb, Croatia<br \/>\nSrete Nikolovski, University of Osijek, Croatia<br \/>\nV\u011bra Nov\u00e1kov\u00e1 Zachovalov\u00e1 , Czech Metrology Institute , Brno, Czech Republic<br \/>\n\u017dilvinas Nakutis, Kaunas University of Technology, Lithuania<br \/>\nDamir Novosel, Quanta Technology, LLC., Canada<br \/>\nGoran Petrovi\u0107, University of Split, Croatia<br \/>\nVincenzo Piuri, University of Milan, Italy<br \/>\nTomislav Plav\u0161i\u0107, Croatian Transmission System Operator Ltd., Croatia<br \/>\nRenan Gabriel Quijano Cetina, University of Strathclyde, United Kingdom<br \/>\nHamid Reza Bagahee, Amirkabir University of Technology, Iran<br \/>\nGert Rietveld, VSL &#8211; Dutch Metrology Institute, Netherlands<br \/>\nDubravko Saboli\u0107, Croatian Transmission System Operator Ltd., Croatia<br \/>\nGoran Slipac, HEP Group, Croatia<br \/>\nStjepan Su\u010di\u0107, KON\u010cAR &#8211; Power Plant and Electric Traction Engineering Inc., Croatia<br \/>\nIgor \u0160tambuk, Croatian Military Academy \u201cDr. Franjo Tu\u0111man\u201d<br \/>\nVladimir Terzija, Univesity of Manchester, United Kingdom<br \/>\nValentin Tudor, Ericsson Research, Sweden<br \/>\nViktor Witkovsky, Institute of Measurement Science, Slovak Academy of Sciences, Slovakia<br \/>\nMatej Zajc, University of Ljubljana, Slovenia<\/p>\n<p><strong>The Organizing Committee<\/strong><\/p>\n<p>Marin Despalatovi\u0107<br \/>\nBo\u017eidar Filipovi\u0107-Gr\u010di\u0107<br \/>\nTonko Garma<br \/>\nBranimir Iv\u0161i\u0107<br \/>\nMarko Jur\u010devi\u0107<br \/>\nRoman Malari\u0107<br \/>\nGoran Petrovi\u0107<\/p>\n","protected":false},"excerpt":{"rendered":"<p>Chairing\u00a0 Committee General Chair: Roman Malari\u0107 General Co-Chair: Goran Petrovi\u0107 Program Chair: Martin Dadi\u0107 Program Co-Chair: Marko Jur\u010devi\u0107 Registration Chair: Marko Jur\u010devi\u0107 [&hellip;]<\/p>\n","protected":false},"author":2,"featured_media":0,"parent":0,"menu_order":0,"comment_status":"closed","ping_status":"closed","template":"","meta":{"footnotes":""},"class_list":["post-60","page","type-page","status-publish","hentry"],"yoast_head":"<!-- This site is optimized with the Yoast SEO plugin v23.8 - https:\/\/yoast.com\/wordpress\/plugins\/seo\/ -->\n<title>Committees - SMAGRIMET 2020<\/title>\n<meta name=\"robots\" content=\"noindex, follow, max-snippet:-1, max-image-preview:large, max-video-preview:-1\" \/>\n<meta property=\"og:locale\" content=\"en_US\" \/>\n<meta property=\"og:type\" content=\"article\" \/>\n<meta property=\"og:title\" content=\"Committees - SMAGRIMET 2020\" \/>\n<meta property=\"og:description\" content=\"Chairing\u00a0 Committee General Chair: Roman Malari\u0107 General Co-Chair: Goran Petrovi\u0107 Program Chair: Martin Dadi\u0107 Program Co-Chair: Marko Jur\u010devi\u0107 Registration Chair: Marko Jur\u010devi\u0107 [&hellip;]\" \/>\n<meta property=\"og:url\" content=\"https:\/\/smagrimet.org\/2020\/committees\/\" \/>\n<meta property=\"og:site_name\" content=\"SMAGRIMET 2020\" \/>\n<meta property=\"article:modified_time\" content=\"2020-09-04T08:09:43+00:00\" \/>\n<meta name=\"twitter:card\" content=\"summary_large_image\" \/>\n<meta name=\"twitter:label1\" content=\"Est. reading time\" \/>\n\t<meta name=\"twitter:data1\" content=\"2 minutes\" \/>\n<script type=\"application\/ld+json\" class=\"yoast-schema-graph\">{\"@context\":\"https:\/\/schema.org\",\"@graph\":[{\"@type\":\"WebPage\",\"@id\":\"https:\/\/smagrimet.org\/2020\/committees\/\",\"url\":\"https:\/\/smagrimet.org\/2020\/committees\/\",\"name\":\"Committees - SMAGRIMET 2020\",\"isPartOf\":{\"@id\":\"https:\/\/smagrimet.org\/2020\/#website\"},\"datePublished\":\"2019-07-18T20:04:06+00:00\",\"dateModified\":\"2020-09-04T08:09:43+00:00\",\"breadcrumb\":{\"@id\":\"https:\/\/smagrimet.org\/2020\/committees\/#breadcrumb\"},\"inLanguage\":\"en-US\",\"potentialAction\":[{\"@type\":\"ReadAction\",\"target\":[\"https:\/\/smagrimet.org\/2020\/committees\/\"]}]},{\"@type\":\"BreadcrumbList\",\"@id\":\"https:\/\/smagrimet.org\/2020\/committees\/#breadcrumb\",\"itemListElement\":[{\"@type\":\"ListItem\",\"position\":1,\"name\":\"Home\",\"item\":\"https:\/\/smagrimet.org\/2020\/\"},{\"@type\":\"ListItem\",\"position\":2,\"name\":\"Committees\"}]},{\"@type\":\"WebSite\",\"@id\":\"https:\/\/smagrimet.org\/2020\/#website\",\"url\":\"https:\/\/smagrimet.org\/2020\/\",\"name\":\"SMAGRIMET 2020\",\"description\":\"October 20-23, 2020\",\"potentialAction\":[{\"@type\":\"SearchAction\",\"target\":{\"@type\":\"EntryPoint\",\"urlTemplate\":\"https:\/\/smagrimet.org\/2020\/?s={search_term_string}\"},\"query-input\":{\"@type\":\"PropertyValueSpecification\",\"valueRequired\":true,\"valueName\":\"search_term_string\"}}],\"inLanguage\":\"en-US\"}]}<\/script>\n<!-- \/ Yoast SEO plugin. -->","yoast_head_json":{"title":"Committees - SMAGRIMET 2020","robots":{"index":"noindex","follow":"follow","max-snippet":"max-snippet:-1","max-image-preview":"max-image-preview:large","max-video-preview":"max-video-preview:-1"},"og_locale":"en_US","og_type":"article","og_title":"Committees - SMAGRIMET 2020","og_description":"Chairing\u00a0 Committee General Chair: Roman Malari\u0107 General Co-Chair: Goran Petrovi\u0107 Program Chair: Martin Dadi\u0107 Program Co-Chair: Marko Jur\u010devi\u0107 Registration Chair: Marko Jur\u010devi\u0107 [&hellip;]","og_url":"https:\/\/smagrimet.org\/2020\/committees\/","og_site_name":"SMAGRIMET 2020","article_modified_time":"2020-09-04T08:09:43+00:00","twitter_card":"summary_large_image","twitter_misc":{"Est. reading time":"2 minutes"},"schema":{"@context":"https:\/\/schema.org","@graph":[{"@type":"WebPage","@id":"https:\/\/smagrimet.org\/2020\/committees\/","url":"https:\/\/smagrimet.org\/2020\/committees\/","name":"Committees - SMAGRIMET 2020","isPartOf":{"@id":"https:\/\/smagrimet.org\/2020\/#website"},"datePublished":"2019-07-18T20:04:06+00:00","dateModified":"2020-09-04T08:09:43+00:00","breadcrumb":{"@id":"https:\/\/smagrimet.org\/2020\/committees\/#breadcrumb"},"inLanguage":"en-US","potentialAction":[{"@type":"ReadAction","target":["https:\/\/smagrimet.org\/2020\/committees\/"]}]},{"@type":"BreadcrumbList","@id":"https:\/\/smagrimet.org\/2020\/committees\/#breadcrumb","itemListElement":[{"@type":"ListItem","position":1,"name":"Home","item":"https:\/\/smagrimet.org\/2020\/"},{"@type":"ListItem","position":2,"name":"Committees"}]},{"@type":"WebSite","@id":"https:\/\/smagrimet.org\/2020\/#website","url":"https:\/\/smagrimet.org\/2020\/","name":"SMAGRIMET 2020","description":"October 20-23, 2020","potentialAction":[{"@type":"SearchAction","target":{"@type":"EntryPoint","urlTemplate":"https:\/\/smagrimet.org\/2020\/?s={search_term_string}"},"query-input":{"@type":"PropertyValueSpecification","valueRequired":true,"valueName":"search_term_string"}}],"inLanguage":"en-US"}]}},"_links":{"self":[{"href":"https:\/\/smagrimet.org\/2020\/wp-json\/wp\/v2\/pages\/60"}],"collection":[{"href":"https:\/\/smagrimet.org\/2020\/wp-json\/wp\/v2\/pages"}],"about":[{"href":"https:\/\/smagrimet.org\/2020\/wp-json\/wp\/v2\/types\/page"}],"author":[{"embeddable":true,"href":"https:\/\/smagrimet.org\/2020\/wp-json\/wp\/v2\/users\/2"}],"replies":[{"embeddable":true,"href":"https:\/\/smagrimet.org\/2020\/wp-json\/wp\/v2\/comments?post=60"}],"version-history":[{"count":11,"href":"https:\/\/smagrimet.org\/2020\/wp-json\/wp\/v2\/pages\/60\/revisions"}],"predecessor-version":[{"id":459,"href":"https:\/\/smagrimet.org\/2020\/wp-json\/wp\/v2\/pages\/60\/revisions\/459"}],"wp:attachment":[{"href":"https:\/\/smagrimet.org\/2020\/wp-json\/wp\/v2\/media?parent=60"}],"curies":[{"name":"wp","href":"https:\/\/api.w.org\/{rel}","templated":true}]}}