{"id":85,"date":"2022-03-30T12:33:23","date_gmt":"2022-03-30T10:33:23","guid":{"rendered":"https:\/\/smagrimet.org\/2023\/?page_id=85"},"modified":"2023-03-03T15:48:16","modified_gmt":"2023-03-03T14:48:16","slug":"committees","status":"publish","type":"page","link":"https:\/\/smagrimet.org\/2023\/home\/committees\/","title":{"rendered":"Committees"},"content":{"rendered":"\n<h2 class=\"wp-block-heading\" style=\"font-size:25px\"><strong>Chairing committee<\/strong><\/h2>\n\n\n\n<p style=\"font-size:16px\"><em>General Chair: <\/em><strong>Petar Mostarac<\/strong><\/p>\n\n\n\n<p style=\"font-size:16px\"><em>General Co-Chair: <\/em><strong>Roman Malari\u0107<\/strong><em><br>General Co-Chair:<\/em> <strong>Goran Petrovi\u0107<\/strong><\/p>\n\n\n\n<p style=\"font-size:16px\"><em>Program Chair: <\/em><strong>Jadranko Matu\u0161ko<\/strong><em><br>Program Co-Chair:<\/em> <strong>\u017deljko Ili\u0107<\/strong><\/p>\n\n\n\n<p style=\"font-size:16px\"><em>Registration Chair: <\/em><strong>Hrvoje Hegedu\u0161<\/strong><br><em>Registration Co-chair<\/em>: <strong>Jure Konjevod<\/strong><em><br>Colloquium Secretary: <\/em><strong>Vanja Krznari\u0107<\/strong><\/p>\n\n\n\n<h2 class=\"wp-block-heading\" style=\"font-size:25px\"><strong>International program committee<\/strong><\/h2>\n\n\n\n<p style=\"font-size:16px\"><strong>Francisco Arcega<\/strong>, University of Zaragoza, Spain<br><strong>Isabelle Blanc<\/strong>, LNE, Laboratoire national de m\u00e9trologie et d\u2019essais, France<br><strong>Tomislav Capuder<\/strong>, University of Zagreb, Croatia<br><strong>Renan Gabriel Quijano Cetina<\/strong>, University of Strathclyde, United Kingdom<br><strong>Martin Dadi\u0107<\/strong>, University of Zagreb, Croatia<br><strong>Marin Despalatovi\u0107<\/strong>, University of Split, Croatia<br><strong>Maria Evelina Mognaschi<\/strong>, University of Pavia, Italy<br><strong>Denisa Galzina<\/strong>, Croatian Transmission System Operator Ltd., Croatia<br><strong>Daniela Istrate<\/strong>, LNE, Laboratoire national de m\u00e9trologie et d\u2019essais, France<br><strong>Igor Ivankovi\u0107<\/strong>, Croatian Transmission System Operator Ltd., Croatia<br><strong>Marko Jur\u010devi\u0107<\/strong>, University of Zagreb, Croatia<br><strong>Marian Kampik<\/strong>,&nbsp;Politechnika Slaska, Poland<br><strong>Hrvoje Keko<\/strong>, KON\u010cAR \u2013 Power Plant and Electric Traction Engineering Inc., Croatia<br><strong>Tomislav Kili\u0107<\/strong>, University of Split, Croatia<br><strong>Ivan Krajnovi\u0107<\/strong>,&nbsp;KON\u010cAR \u2013 Power Plant and Electric Traction Engineering Inc., Croatia<br><strong>Kruno Mili\u010devi\u0107<\/strong>, University of Osijek, Croatia<br><strong>V\u011bra Nov\u00e1kov\u00e1 Zachovalov\u00e1<\/strong> , Czech Metrology Institute , Brno, Czech Republic<br><strong>\u017dilvinas Nakutis<\/strong>, Kaunas University of Technology, Lithuania<br><strong>Damir Novosel<\/strong>, Quanta Technology, LLC., Canada<br><strong>Vincenzo Piuri<\/strong>, University of Milan, Italy<br><strong>Tomislav Plav\u0161i\u0107<\/strong>, Croatian Transmission System Operator Ltd., Croatia<br><strong>Gert Rietveld<\/strong>, VSL \u2013 Dutch Metrology Institute, Netherlands<br><strong>Goran Slipac<\/strong>, HEP Group, Croatia<br><strong>Mare Srbinovska<\/strong>, University Ss. Cyril and Methodius, Macedonia<br><strong>Stjepan Su\u010di\u0107<\/strong>, KON\u010cAR \u2013 Digital Ltd.<br><strong>Vladimir Terzija<\/strong>, Univesity of Manchester, United Kingdom<br><strong>Valentin Tudor<\/strong>, Ericsson Research, Sweden<br><strong>Viktor Witkovsky<\/strong>, Institute of Measurement Science, Slovak Academy of Sciences, Slovakia<br><strong>Matej Zajc<\/strong>, University of Ljubljana, Slovenia<br><strong>Tomislav \u017dupan<\/strong>, KON\u010cAR Electrical Engineering Institute, Inc, Croatia<\/p>\n\n\n\n<h2 class=\"wp-block-heading\" style=\"font-size:25px\"><strong>The organization committee<\/strong><\/h2>\n\n\n\n<p style=\"font-size:16px\">Goran Petrovi\u0107<br>Petar Mostarac<br>Roman Malari\u0107<br>Hrvoje Hegedu\u0161<br>Jure Konjevod<br>Alan \u0160ala<br>Vanja Krznari\u0107<br>Jasna Jankovi\u0107<br>Marin Despalatovi\u0107<br>Mario Filipa\u0161i\u0107<br>Tonko Garma<br><\/p>\n","protected":false},"excerpt":{"rendered":"<p>Chairing committee General Chair: Petar Mostarac General Co-Chair: Roman Malari\u0107General Co-Chair: Goran Petrovi\u0107 Program Chair: Jadranko Matu\u0161koProgram Co-Chair: \u017deljko Ili\u0107 Registration Chair: [&hellip;]<\/p>\n","protected":false},"author":92,"featured_media":0,"parent":17,"menu_order":1,"comment_status":"closed","ping_status":"closed","template":"","meta":{"footnotes":""},"class_list":["post-85","page","type-page","status-publish","hentry"],"yoast_head":"<!-- This site is optimized with the Yoast SEO plugin v23.8 - https:\/\/yoast.com\/wordpress\/plugins\/seo\/ -->\n<title>Committees - SMAGRIMET 2023<\/title>\n<meta name=\"robots\" content=\"index, follow, max-snippet:-1, max-image-preview:large, max-video-preview:-1\" \/>\n<link rel=\"canonical\" href=\"https:\/\/smagrimet.org\/2023\/home\/committees\/\" \/>\n<meta property=\"og:locale\" content=\"en_US\" \/>\n<meta property=\"og:type\" content=\"article\" \/>\n<meta property=\"og:title\" content=\"Committees - SMAGRIMET 2023\" \/>\n<meta property=\"og:description\" content=\"Chairing committee General Chair: Petar Mostarac General Co-Chair: Roman Malari\u0107General Co-Chair: Goran Petrovi\u0107 Program Chair: Jadranko Matu\u0161koProgram Co-Chair: \u017deljko Ili\u0107 Registration Chair: [&hellip;]\" \/>\n<meta property=\"og:url\" content=\"https:\/\/smagrimet.org\/2023\/home\/committees\/\" \/>\n<meta property=\"og:site_name\" content=\"SMAGRIMET 2023\" \/>\n<meta property=\"article:modified_time\" content=\"2023-03-03T14:48:16+00:00\" \/>\n<meta name=\"twitter:card\" content=\"summary_large_image\" \/>\n<meta name=\"twitter:label1\" content=\"Est. reading time\" \/>\n\t<meta name=\"twitter:data1\" content=\"2 minutes\" \/>\n<script type=\"application\/ld+json\" class=\"yoast-schema-graph\">{\"@context\":\"https:\/\/schema.org\",\"@graph\":[{\"@type\":\"WebPage\",\"@id\":\"https:\/\/smagrimet.org\/2023\/home\/committees\/\",\"url\":\"https:\/\/smagrimet.org\/2023\/home\/committees\/\",\"name\":\"Committees - SMAGRIMET 2023\",\"isPartOf\":{\"@id\":\"https:\/\/smagrimet.org\/2023\/#website\"},\"datePublished\":\"2022-03-30T10:33:23+00:00\",\"dateModified\":\"2023-03-03T14:48:16+00:00\",\"breadcrumb\":{\"@id\":\"https:\/\/smagrimet.org\/2023\/home\/committees\/#breadcrumb\"},\"inLanguage\":\"en-US\",\"potentialAction\":[{\"@type\":\"ReadAction\",\"target\":[\"https:\/\/smagrimet.org\/2023\/home\/committees\/\"]}]},{\"@type\":\"BreadcrumbList\",\"@id\":\"https:\/\/smagrimet.org\/2023\/home\/committees\/#breadcrumb\",\"itemListElement\":[{\"@type\":\"ListItem\",\"position\":1,\"name\":\"Home\",\"item\":\"https:\/\/smagrimet.org\/2023\/\"},{\"@type\":\"ListItem\",\"position\":2,\"name\":\"Home\",\"item\":\"https:\/\/smagrimet.org\/2023\/\"},{\"@type\":\"ListItem\",\"position\":3,\"name\":\"Committees\"}]},{\"@type\":\"WebSite\",\"@id\":\"https:\/\/smagrimet.org\/2023\/#website\",\"url\":\"https:\/\/smagrimet.org\/2023\/\",\"name\":\"SMAGRIMET 2023\",\"description\":\"International Conference on Smart Grid Metrology\",\"potentialAction\":[{\"@type\":\"SearchAction\",\"target\":{\"@type\":\"EntryPoint\",\"urlTemplate\":\"https:\/\/smagrimet.org\/2023\/?s={search_term_string}\"},\"query-input\":{\"@type\":\"PropertyValueSpecification\",\"valueRequired\":true,\"valueName\":\"search_term_string\"}}],\"inLanguage\":\"en-US\"}]}<\/script>\n<!-- \/ Yoast SEO plugin. -->","yoast_head_json":{"title":"Committees - SMAGRIMET 2023","robots":{"index":"index","follow":"follow","max-snippet":"max-snippet:-1","max-image-preview":"max-image-preview:large","max-video-preview":"max-video-preview:-1"},"canonical":"https:\/\/smagrimet.org\/2023\/home\/committees\/","og_locale":"en_US","og_type":"article","og_title":"Committees - SMAGRIMET 2023","og_description":"Chairing committee General Chair: Petar Mostarac General Co-Chair: Roman Malari\u0107General Co-Chair: Goran Petrovi\u0107 Program Chair: Jadranko Matu\u0161koProgram Co-Chair: \u017deljko Ili\u0107 Registration Chair: [&hellip;]","og_url":"https:\/\/smagrimet.org\/2023\/home\/committees\/","og_site_name":"SMAGRIMET 2023","article_modified_time":"2023-03-03T14:48:16+00:00","twitter_card":"summary_large_image","twitter_misc":{"Est. reading time":"2 minutes"},"schema":{"@context":"https:\/\/schema.org","@graph":[{"@type":"WebPage","@id":"https:\/\/smagrimet.org\/2023\/home\/committees\/","url":"https:\/\/smagrimet.org\/2023\/home\/committees\/","name":"Committees - SMAGRIMET 2023","isPartOf":{"@id":"https:\/\/smagrimet.org\/2023\/#website"},"datePublished":"2022-03-30T10:33:23+00:00","dateModified":"2023-03-03T14:48:16+00:00","breadcrumb":{"@id":"https:\/\/smagrimet.org\/2023\/home\/committees\/#breadcrumb"},"inLanguage":"en-US","potentialAction":[{"@type":"ReadAction","target":["https:\/\/smagrimet.org\/2023\/home\/committees\/"]}]},{"@type":"BreadcrumbList","@id":"https:\/\/smagrimet.org\/2023\/home\/committees\/#breadcrumb","itemListElement":[{"@type":"ListItem","position":1,"name":"Home","item":"https:\/\/smagrimet.org\/2023\/"},{"@type":"ListItem","position":2,"name":"Home","item":"https:\/\/smagrimet.org\/2023\/"},{"@type":"ListItem","position":3,"name":"Committees"}]},{"@type":"WebSite","@id":"https:\/\/smagrimet.org\/2023\/#website","url":"https:\/\/smagrimet.org\/2023\/","name":"SMAGRIMET 2023","description":"International Conference on Smart Grid Metrology","potentialAction":[{"@type":"SearchAction","target":{"@type":"EntryPoint","urlTemplate":"https:\/\/smagrimet.org\/2023\/?s={search_term_string}"},"query-input":{"@type":"PropertyValueSpecification","valueRequired":true,"valueName":"search_term_string"}}],"inLanguage":"en-US"}]}},"_links":{"self":[{"href":"https:\/\/smagrimet.org\/2023\/wp-json\/wp\/v2\/pages\/85"}],"collection":[{"href":"https:\/\/smagrimet.org\/2023\/wp-json\/wp\/v2\/pages"}],"about":[{"href":"https:\/\/smagrimet.org\/2023\/wp-json\/wp\/v2\/types\/page"}],"author":[{"embeddable":true,"href":"https:\/\/smagrimet.org\/2023\/wp-json\/wp\/v2\/users\/92"}],"replies":[{"embeddable":true,"href":"https:\/\/smagrimet.org\/2023\/wp-json\/wp\/v2\/comments?post=85"}],"version-history":[{"count":15,"href":"https:\/\/smagrimet.org\/2023\/wp-json\/wp\/v2\/pages\/85\/revisions"}],"predecessor-version":[{"id":905,"href":"https:\/\/smagrimet.org\/2023\/wp-json\/wp\/v2\/pages\/85\/revisions\/905"}],"up":[{"embeddable":true,"href":"https:\/\/smagrimet.org\/2023\/wp-json\/wp\/v2\/pages\/17"}],"wp:attachment":[{"href":"https:\/\/smagrimet.org\/2023\/wp-json\/wp\/v2\/media?parent=85"}],"curies":[{"name":"wp","href":"https:\/\/api.w.org\/{rel}","templated":true}]}}