{"id":93,"date":"2024-09-14T19:52:51","date_gmt":"2024-09-14T17:52:51","guid":{"rendered":"https:\/\/smagrimet.org\/2025\/?page_id=93"},"modified":"2025-04-30T13:01:59","modified_gmt":"2025-04-30T11:01:59","slug":"committees","status":"publish","type":"page","link":"https:\/\/smagrimet.org\/2025\/committees\/","title":{"rendered":"Committees"},"content":{"rendered":"\n<h2 class=\"wp-block-heading\">Chairing Committee<\/h2>\n\n\n\n<p><em>General Chair:&nbsp;<\/em><strong>Petar Mostarac<\/strong><br><em>Honorary Co-Chair:&nbsp;<\/em><strong>Roman Malari\u0107<\/strong><em><br>Honorary Co-Chair:<\/em>&nbsp;<strong>Goran Petrovi\u0107<\/strong><br><em>Program Chairs:&nbsp;<\/em><strong>Juraj Havelka, Martina Kutija<\/strong><em><br>Registration Chair:&nbsp;<\/em><strong>Hrvoje Hegedu\u0161<\/strong><br><em>Registration Co-chair<\/em>:&nbsp;<strong>Jure Konjevod<\/strong><em><br>Colloquium Secretary:&nbsp;<\/em><strong>Vanja Krznari\u0107<\/strong><\/p>\n\n\n\n<h2 class=\"wp-block-heading\">International Program Committee<\/h2>\n\n\n\n<p><strong>Francisco Arcega<\/strong>, <em>University of Zaragoza, Spain<\/em><br><strong>Isabelle Blanc<\/strong>, <em>LNE, Laboratoire national de m\u00e9trologie et d\u2019essais, France<\/em><br><strong>Tomislav Capuder<\/strong>, <em>University of Zagreb, Croatia<\/em><br><strong>Renan Gabriel Quijano Cetina<\/strong>, <em>University of Strathclyde, United Kingdom<\/em><br><strong>Maria Evelina Mognaschi<\/strong>, <em>University of Pavia, Italy<\/em><br><strong>Denisa Galzina<\/strong>,<em> Croatian Transmission System Operator Ltd., Croatia<\/em><br><strong>Daniela Istrate<\/strong>, <em>LNE, Laboratoire national de m\u00e9trologie et d\u2019essais, France<\/em><br><strong>Igor Ivankovi\u0107<\/strong>, <em>Croatian Transmission System Operator Ltd., Croatia<\/em><br><strong>Marko Jur\u010devi\u0107<\/strong>, <em>University of Zagreb, Croatia<\/em><br><strong>Marian Kampik<\/strong>,\u00a0<em>Politechnika Slaska, Poland<\/em><br><strong>Hrvoje Keko<\/strong>, <em>KON\u010cAR \u2013 Power Plant and Electric Traction Engineering Inc., Croatia<\/em><br><strong>Jure Konjevod<\/strong>, <em>University of Zagreb, Croatia<\/em><br><strong>Ivan Krajnovi\u0107<\/strong>,\u00a0<em>KON\u010cAR \u2013 Power Plant and Electric Traction Engineering Inc., Croatia<\/em><br><strong>Kruno Mili\u010devi\u0107<\/strong>, <em>University of Osijek, Croatia<\/em><br><strong>V\u011bra Nov\u00e1kov\u00e1 Zachovalov\u00e1<\/strong>, <em>Czech Metrology Institute, Brno, Czech Republic<\/em><br><strong>Branimir Novoselnik<\/strong>, <em>University of Zagreb, Croatia<\/em><br><strong>\u017dilvinas Nakutis<\/strong>, <em>Kaunas University of Technology, Lithuania<\/em><br><strong>Vincenzo Piuri<\/strong>, <em>University of Milan, Italy<\/em><br><strong>Tomislav Plav\u0161i\u0107<\/strong>, <em>Croatian Transmission System Operator Ltd., Croatia<\/em><br><strong>Gert Rietveld<\/strong>, <em>VSL \u2013 Dutch Metrology Institute, Netherlands<\/em><br><strong>Goran Slipac<\/strong>, <em>HEP Group, Croatia<\/em><br><strong>Mare Srbinovska<\/strong>, <em>University Ss. Cyril and Methodius, Macedonia<\/em><br><strong>Stjepan Su\u010di\u0107<\/strong>, <em>KON\u010cAR \u2013 Digital Ltd.<\/em><br><strong>Vladimir Terzija<\/strong>, <em>Univesity of Manchester, United Kingdom<\/em><br><strong>Valentin Tudor<\/strong>, <em>Ericsson Research, Sweden<\/em><br><strong>Viktor Witkovsky<\/strong>, <em>Institute of Measurement Science, Slovak Academy of Sciences, Slovakia<\/em><br><strong>Matej Zajc<\/strong>, <em>University of Ljubljana, Slovenia<\/em><br><strong>Tomislav \u017dupan<\/strong>, <em>Siemens Energy d.o.o., Croatia<\/em><\/p>\n\n\n\n<h2 class=\"wp-block-heading\">The Organization Committee<\/h2>\n\n\n\n<p>Petar Mostarac<br>Roman Malari\u0107<br>Hrvoje Hegedu\u0161<br>Katarina Vrane\u0161i\u0107<\/p>\n","protected":false},"excerpt":{"rendered":"<p>Chairing Committee General Chair:&nbsp;Petar MostaracHonorary Co-Chair:&nbsp;Roman Malari\u0107Honorary Co-Chair:&nbsp;Goran Petrovi\u0107Program Chairs:&nbsp;Juraj Havelka, Martina KutijaRegistration Chair:&nbsp;Hrvoje Hegedu\u0161Registration Co-chair:&nbsp;Jure KonjevodColloquium Secretary:&nbsp;Vanja Krznari\u0107 International Program Committee [&hellip;]<\/p>\n","protected":false},"author":92,"featured_media":0,"parent":0,"menu_order":0,"comment_status":"closed","ping_status":"closed","template":"","meta":{"footnotes":""},"class_list":["post-93","page","type-page","status-publish","hentry"],"yoast_head":"<!-- This site is optimized with the Yoast SEO plugin v23.8 - https:\/\/yoast.com\/wordpress\/plugins\/seo\/ -->\n<title>Committees - SMAGRIMET 2025<\/title>\n<meta name=\"robots\" content=\"index, follow, max-snippet:-1, max-image-preview:large, max-video-preview:-1\" \/>\n<link rel=\"canonical\" href=\"https:\/\/smagrimet.org\/2025\/committees\/\" \/>\n<meta property=\"og:locale\" content=\"en_US\" \/>\n<meta property=\"og:type\" content=\"article\" \/>\n<meta property=\"og:title\" content=\"Committees - SMAGRIMET 2025\" \/>\n<meta property=\"og:description\" content=\"Chairing Committee General Chair:&nbsp;Petar MostaracHonorary Co-Chair:&nbsp;Roman Malari\u0107Honorary Co-Chair:&nbsp;Goran Petrovi\u0107Program Chairs:&nbsp;Juraj Havelka, Martina KutijaRegistration Chair:&nbsp;Hrvoje Hegedu\u0161Registration Co-chair:&nbsp;Jure KonjevodColloquium Secretary:&nbsp;Vanja Krznari\u0107 International Program Committee [&hellip;]\" \/>\n<meta property=\"og:url\" content=\"https:\/\/smagrimet.org\/2025\/committees\/\" \/>\n<meta property=\"og:site_name\" content=\"SMAGRIMET 2025\" \/>\n<meta property=\"article:modified_time\" content=\"2025-04-30T11:01:59+00:00\" \/>\n<meta name=\"twitter:card\" content=\"summary_large_image\" \/>\n<meta name=\"twitter:label1\" content=\"Est. reading time\" \/>\n\t<meta name=\"twitter:data1\" content=\"2 minutes\" \/>\n<script type=\"application\/ld+json\" class=\"yoast-schema-graph\">{\"@context\":\"https:\/\/schema.org\",\"@graph\":[{\"@type\":\"WebPage\",\"@id\":\"https:\/\/smagrimet.org\/2025\/committees\/\",\"url\":\"https:\/\/smagrimet.org\/2025\/committees\/\",\"name\":\"Committees - SMAGRIMET 2025\",\"isPartOf\":{\"@id\":\"https:\/\/smagrimet.org\/2025\/#website\"},\"datePublished\":\"2024-09-14T17:52:51+00:00\",\"dateModified\":\"2025-04-30T11:01:59+00:00\",\"breadcrumb\":{\"@id\":\"https:\/\/smagrimet.org\/2025\/committees\/#breadcrumb\"},\"inLanguage\":\"en-US\",\"potentialAction\":[{\"@type\":\"ReadAction\",\"target\":[\"https:\/\/smagrimet.org\/2025\/committees\/\"]}]},{\"@type\":\"BreadcrumbList\",\"@id\":\"https:\/\/smagrimet.org\/2025\/committees\/#breadcrumb\",\"itemListElement\":[{\"@type\":\"ListItem\",\"position\":1,\"name\":\"Home\",\"item\":\"https:\/\/smagrimet.org\/2025\/\"},{\"@type\":\"ListItem\",\"position\":2,\"name\":\"Committees\"}]},{\"@type\":\"WebSite\",\"@id\":\"https:\/\/smagrimet.org\/2025\/#website\",\"url\":\"https:\/\/smagrimet.org\/2025\/\",\"name\":\"SMAGRIMET 2025\",\"description\":\"5th  INTERNATIONAL CONFERENCE ON SMART GRID METROLOGY\",\"potentialAction\":[{\"@type\":\"SearchAction\",\"target\":{\"@type\":\"EntryPoint\",\"urlTemplate\":\"https:\/\/smagrimet.org\/2025\/?s={search_term_string}\"},\"query-input\":{\"@type\":\"PropertyValueSpecification\",\"valueRequired\":true,\"valueName\":\"search_term_string\"}}],\"inLanguage\":\"en-US\"}]}<\/script>\n<!-- \/ Yoast SEO plugin. -->","yoast_head_json":{"title":"Committees - SMAGRIMET 2025","robots":{"index":"index","follow":"follow","max-snippet":"max-snippet:-1","max-image-preview":"max-image-preview:large","max-video-preview":"max-video-preview:-1"},"canonical":"https:\/\/smagrimet.org\/2025\/committees\/","og_locale":"en_US","og_type":"article","og_title":"Committees - SMAGRIMET 2025","og_description":"Chairing Committee General Chair:&nbsp;Petar MostaracHonorary Co-Chair:&nbsp;Roman Malari\u0107Honorary Co-Chair:&nbsp;Goran Petrovi\u0107Program Chairs:&nbsp;Juraj Havelka, Martina KutijaRegistration Chair:&nbsp;Hrvoje Hegedu\u0161Registration Co-chair:&nbsp;Jure KonjevodColloquium Secretary:&nbsp;Vanja Krznari\u0107 International Program Committee [&hellip;]","og_url":"https:\/\/smagrimet.org\/2025\/committees\/","og_site_name":"SMAGRIMET 2025","article_modified_time":"2025-04-30T11:01:59+00:00","twitter_card":"summary_large_image","twitter_misc":{"Est. reading time":"2 minutes"},"schema":{"@context":"https:\/\/schema.org","@graph":[{"@type":"WebPage","@id":"https:\/\/smagrimet.org\/2025\/committees\/","url":"https:\/\/smagrimet.org\/2025\/committees\/","name":"Committees - SMAGRIMET 2025","isPartOf":{"@id":"https:\/\/smagrimet.org\/2025\/#website"},"datePublished":"2024-09-14T17:52:51+00:00","dateModified":"2025-04-30T11:01:59+00:00","breadcrumb":{"@id":"https:\/\/smagrimet.org\/2025\/committees\/#breadcrumb"},"inLanguage":"en-US","potentialAction":[{"@type":"ReadAction","target":["https:\/\/smagrimet.org\/2025\/committees\/"]}]},{"@type":"BreadcrumbList","@id":"https:\/\/smagrimet.org\/2025\/committees\/#breadcrumb","itemListElement":[{"@type":"ListItem","position":1,"name":"Home","item":"https:\/\/smagrimet.org\/2025\/"},{"@type":"ListItem","position":2,"name":"Committees"}]},{"@type":"WebSite","@id":"https:\/\/smagrimet.org\/2025\/#website","url":"https:\/\/smagrimet.org\/2025\/","name":"SMAGRIMET 2025","description":"5th  INTERNATIONAL CONFERENCE ON SMART GRID METROLOGY","potentialAction":[{"@type":"SearchAction","target":{"@type":"EntryPoint","urlTemplate":"https:\/\/smagrimet.org\/2025\/?s={search_term_string}"},"query-input":{"@type":"PropertyValueSpecification","valueRequired":true,"valueName":"search_term_string"}}],"inLanguage":"en-US"}]}},"_links":{"self":[{"href":"https:\/\/smagrimet.org\/2025\/wp-json\/wp\/v2\/pages\/93"}],"collection":[{"href":"https:\/\/smagrimet.org\/2025\/wp-json\/wp\/v2\/pages"}],"about":[{"href":"https:\/\/smagrimet.org\/2025\/wp-json\/wp\/v2\/types\/page"}],"author":[{"embeddable":true,"href":"https:\/\/smagrimet.org\/2025\/wp-json\/wp\/v2\/users\/92"}],"replies":[{"embeddable":true,"href":"https:\/\/smagrimet.org\/2025\/wp-json\/wp\/v2\/comments?post=93"}],"version-history":[{"count":5,"href":"https:\/\/smagrimet.org\/2025\/wp-json\/wp\/v2\/pages\/93\/revisions"}],"predecessor-version":[{"id":560,"href":"https:\/\/smagrimet.org\/2025\/wp-json\/wp\/v2\/pages\/93\/revisions\/560"}],"wp:attachment":[{"href":"https:\/\/smagrimet.org\/2025\/wp-json\/wp\/v2\/media?parent=93"}],"curies":[{"name":"wp","href":"https:\/\/api.w.org\/{rel}","templated":true}]}}